t d be (-4)/22 + 48/22. Suppose -20 = -4*v - v, -70 = -d*p - 4*v. What are the prime factors of p?
3
Let t(m) = -m + 5. Suppose -4 = j, -5*q + 3*j = -43 - 64. Suppose 3*n + q = o, -3*n + o = -o + 17. List the prime factors of t(n).
2, 3
Suppose 0 = -v - 2 + 4. Suppose 5*w - 17 = -v*b - 63, -5*b = 3*w + 39. List the prime factors of 2*2*(-4)/w.
2
What are the prime factors of (164/(-10) + 2)*40/(-6)?
2, 3
Suppose -5*a - 66 = -2*q - 6, 3*q - 2*a - 79 = 0. Let m(g) = 13*g - 1. Let w be m(-1). Let r = w + q. List the prime factors of r.
11
Let s = -2 - -3. Let g be (-1 - (0 + s)) + -2. Let z = g - -11. What are the prime factors of z?
7
Let k = 8 - -2. Let q = k - 14. Let j = q + 10. List the prime factors of j.
2, 3
Suppose 5*c - 2*a - 11 = 21, 0 = 5*c - 5*a - 35. Let f(n) = n**3 - 7*n**2 + 7*n - 1. Let t be f(c). Suppose -25 + 0 = -t*z. What are the prime factors of z?
5
Let c be 2 + -2 + 0 - -3. Suppose 0*g = -g + c. What are the prime factors of g?
3
Let r(x) = -6*x - 21. List the prime factors of r(-6).
3, 5
Suppose 1368 = -0*c + 9*c. List the prime factors of c.
2, 19
List the prime factors of 15 + 1 + -1 + -2.
13
Let t(x) = x**3 + 9*x**2 + 9*x + 11. Let s be t(-8). Suppose -8 = -s*w - w. List the prime factors of w - -5 - 1/(-1).
2
Let y(v) = -5*v**3 - 4*v**2 - 6*v + 5. Let b(r) = -9*r**3 - 9*r**2 - 12*r + 10. Let j(l) = -4*b(l) + 7*y(l). Let a be -2*7/4*2. List the prime factors of j(a).
2
Let x(o) be the first derivative of 5*o**2/2 + 4. What are the prime factors of x(3)?
3, 5
Let s(i) = 3*i - 5*i - 4 - 2*i + 3*i. Let t be s(-4). What are the prime factors of t + -2 - -3 - -8?
3
Let j = 367 + -176. List the prime factors of j.
191
Suppose 2*o - 2 - 2 = 0. Let g(c) = c**3 - 3*c**2 - 2*c - 5. Let b be g(4). List the prime factors of (14/b)/(o/3).
7
Let d(k) = 21*k + 3. Let h be d(3). Suppose h = 4*a - 30. What are the prime factors of a?
2, 3
Suppose 3*l = -5 - 1. Let y = l - -11. List the prime factors of y.
3
Let t = 318 - 96. What are the prime factors of t?
2, 3, 37
Suppose -3*s + 411 - 75 = 0. What are the prime factors of s?
2, 7
Suppose 5*j + 238 = 3*k + 635, -2*j + 162 = 2*k. List the prime factors of j.
2, 5
Let y be 2 + (-4 - 1) - -123. Suppose 0*r + 5*r = y. List the prime factors of r.
2, 3
Let o(t) be the first derivative of -t**4/4 - 5*t**3/3 + 2*t**2 - 1. Suppose -4*h = -2*h + 12. What are the prime factors of o(h)?
2, 3
Let u be (4/(-4))/((-1)/21). Let k be (-10)/(-14) - (-6)/u. List the prime factors of 1 + 3 + k + 2.
7
Let p(x) = -x + 1. Let f(m) = 17*m - 7. Let u(i) = f(i) + 4*p(i). Let o be u(3). Suppose -5*b = -o - 9. What are the prime factors of b?
3
Suppose 3*g - 2*c - 35 = 0, -3*g + 80 - 10 = 5*c. Let d = g - 4. Suppose -a - d = -2*a. List the prime factors of a.
11
Let j be 1/2 + (-35)/10. List the prime factors of (-68)/(8/(-1 + j)).
2, 17
Let l(o) = -o**2 - 8*o - 3. Let b be l(-6). Let d(p) = -11 + 5*p - p**2 + 7*p - 2. What are the prime factors of d(b)?
2, 7
Suppose 0 = -t + 20 + 8. Suppose -4*l + 0*y = -y - t, 4*y = l + 8. Let j(v) = v**3 - 9*v**2 + 10*v - 2. What are the prime factors of j(l)?
2, 7
Suppose 0*k - 2*k + 4 = 0. Suppose -k*c + 5*c = 36. Suppose -x + c = 2. What are the prime factors of x?
2, 5
Let t be (-1)/(-2)*(7 - 1). Suppose t*b - 11 - 19 = 0. List the prime factors of b + 2 + (-12)/3.
2
Let u(g) = g**3 - 4*g**2 + 7. What are the prime factors of u(4)?
7
Suppose -4*p - 200 = -4*d, 234 = 4*d - p + 28. What are the prime factors of d?
2, 13
Let p be -1 + 0 - 24/(-3). Suppose p = r + 1. Suppose f + 40 = r*f. List the prime factors of f.
2
Let p(o) = o**2 - 3*o - 4. Let y(a) = a + 13. Let f be y(-7). List the prime factors of p(f).
2, 7
List the prime factors of (-3)/((-45)/(-80))*51/(-2).
2, 17
Let v be 4/(-8) - (-10)/(-4). Let f be 8 + -7 + v/(-1). Suppose -f*j = -j - 36. What are the prime factors of j?
2, 3
Suppose 0 = -16*d + 13*d + 291. What are the prime factors of d?
97
Suppose -2*a + a - 4*u = -14, a - u = 4. Suppose 4*o - 88 = -5*v, 2*v - 3*o = -a*o + 38. What are the prime factors of v?
2
Let o be ((-6)/(-4))/(5/(-30)). Let x(z) = -z**2 - 10*z. List the prime factors of x(o).
3
Suppose -5*x + 6*x = 6. List the prime factors of x.
2, 3
Let b be (-538)/(-6) + (-6)/9. Let g = 125 - b. What are the prime factors of g?
2, 3
What are the prime factors of (-4)/(-10)*(208 + -3)?
2, 41
Let l = 341 + -199. List the prime factors of l.
2, 71
Let h(c) = 119*c + 6. What are the prime factors of h(1)?
5
Let r(q) = 14. Let g(o) = -o - 14. Let x(v) = 5*g(v) + 4*r(v). Let b(c) = -c - 1. Let k(p) = 4*b(p) - x(p). List the prime factors of k(-8).
2
Let m = -1 - -3. Suppose -4*x = -z + 8, -m*x = 3*z + 2*x - 8. Let a(c) = 2*c - 2. List the prime factors of a(z).
2, 3
Suppose -2*l + 62 = 158. Let g = l - -73. What are the prime factors of g?
5
Suppose 4*u + 348 = 5*n + 1752, -5*u = -4*n - 1755. List the prime factors of u.
3, 13
Let x(o) be the second derivative of 5*o**4/12 - o**3/6 - o**2/2 + 2*o. List the prime factors of x(-1).
5
Let a = 2 + -13. Let v = a + 23. Suppose 5*y + v - 72 = 0. List the prime factors of y.
2, 3
Suppose -n - 2 = 4. List the prime factors of 32/n*3/(-2).
2
Suppose 39 = 6*y - 9. What are the prime factors of y?
2
Suppose -4*l + 388 = -0*l. What are the prime factors of l?
97
Let x be 1/2 + 9/6. Suppose 3 = x*d - 1. Suppose 0 = 2*z + 3*z + 25, -4 = 2*v + d*z. What are the prime factors of v?
3
Let j(g) = -4*g**3 + 3*g**3 + 0*g**2 - 4*g - 1 - 2*g**2. Let w be j(-3). Suppose -5*c + w = -0*c - 5*z, 4*z = -3*c + 26. What are the prime factors of c?
2, 3
Suppose -g = -d + 3*d + 9, -3*g - 21 = 3*d. Let i = g + 18. Suppose -2 + i = b. What are the prime factors of b?
11
Suppose -5*t + 227 = x, -3*t + 0*t - 211 = -x. What are the prime factors of x?
7, 31
Let y(j) = -2*j**2 + 16*j - 15. Let c(m) = -m**2 + 8*m - 7. Let q(p) = 2*p + 1. Let v be q(-2). Let d(b) = v*y(b) + 5*c(b). List the prime factors of d(8).
2, 5
Let d = 0 - 0. Let z be (1/1)/(-1 - d). What are the prime factors of (z/1)/(6/(-18))?
3
Let q = -2 + 2. Let d(y) = -4 - 2*y + 2 + 3*y + q. List the prime factors of d(11).
3
List the prime factors of 336/9*(2 + 1).
2, 7
Let n(s) = -s**3 - 12*s**2 + 13*s + 3. Let b be n(-13). Suppose w - 4*r = b, -5*r + 3 = -2. List the prime factors of 47/w + 16/56.
7
Let r(p) be the third derivative of -7*p**4/24 + 5*p**3/6 + p**2. Let z(c) = 6*c - 4. Let o(m) = -3*r(m) - 4*z(m). What are the prime factors of o(-5)?
2
Let a(g) = 9*g + 25. What are the prime factors of a(5)?
2, 5, 7
Let h be 14/(-4) + (-2)/4. Let f = -22 - -29. Let c = h + f. What are the prime factors of c?
3
Suppose 0 = 2*i + z + 4*z - 84, 8 = -2*z. Suppose -3*f = f - i. List the prime factors of f.
13
Suppose -231 - 41 = -4*b. Suppose -5*o + k = 3*k - 74, 5*o - k - b = 0. List the prime factors of o.
2, 7
Let u = -11 + 59. What are the prime factors of u?
2, 3
List the prime factors of 27 - (1 + (-4 - -1)).
29
Suppose -5*q = -t - 104, -4*q + 5*t + 100 = -0*t. Let g = -6 - -9. Suppose 5*b + 6 = 7*l - 3*l, -g*l = 4*b - q. What are the prime factors of b?
2
Suppose -6*u + 530 = -4*u + 4*a, a - 536 = -2*u. What are the prime factors of u?
269
Suppose -2*z + 476 - 38 = 0. What are the prime factors of z?
3, 73
Let g = -14 - -34. List the prime factors of g.
2, 5
Let n = -2 + 61. List the prime factors of n.
59
Suppose 0 = 4*c + 12, v - 3*v + 2*c = -134. Suppose 0 = -4*q + v. List the prime factors of q.
2
Suppose 0 = -5*y, -3*r - 3*y + 122 = -139. List the prime factors of r.
3, 29
Let v(w) = -w**3 + 3*w**2 + w - 2. Let f be v(3). Let o(z) = z**2 + 12*z + 9. Let m be o(-11). List the prime factors of m/(2/(-11))*f.
11
Let q(j) = j**3 - j**2 + 2*j. Let t be (-3)/((-12)/8) + 1. List the prime factors of q(t).
2, 3
Let o(q) = q**2 - 2*q + 7. What are the prime factors of o(-5)?
2, 3, 7
Suppose -4*v + k = 5 - 38, 5*v - 60 = -5*k. Suppose 4*u + u = 25. Suppose v = u*w - 6. List the prime factors of w.
3
Let m = -105 - -198. List the prime factors of m.
3, 31
Let b = 63 - 32. What are the prime factors of b?
31
Suppose -16 = -4*h + 76. List the prime factors of h.
23
Let v = 7 + 14. Let l = 2 + v. List the prime factors of l.
23
Suppose -4*s = -2*y - s - 2, -5*s = -10. Let a = y - -13. What are the prime factors of a?
3, 5
Let r(h